{"id":26,"date":"2022-07-18T15:58:46","date_gmt":"2022-07-18T13:58:46","guid":{"rendered":"http:\/\/www.billardunion.at\/?page_id=26"},"modified":"2024-07-06T22:47:08","modified_gmt":"2024-07-06T20:47:08","slug":"pool","status":"publish","type":"page","link":"https:\/\/www.billardunion.at\/?page_id=26","title":{"rendered":"Pool Billard"},"content":{"rendered":"\n<figure class=\"wp-block-image size-full\"><img loading=\"lazy\" decoding=\"async\" width=\"850\" height=\"478\" src=\"https:\/\/www.billardunion.at\/wp-content\/uploads\/2024\/06\/9BallWM_Jeddah_Juni2024_MarioHe1_cTakaWu_MatchroomMultisport-OEBU-850x478-1.jpg\" alt=\"\" class=\"wp-image-556\" srcset=\"https:\/\/www.billardunion.at\/wp-content\/uploads\/2024\/06\/9BallWM_Jeddah_Juni2024_MarioHe1_cTakaWu_MatchroomMultisport-OEBU-850x478-1.jpg 850w, https:\/\/www.billardunion.at\/wp-content\/uploads\/2024\/06\/9BallWM_Jeddah_Juni2024_MarioHe1_cTakaWu_MatchroomMultisport-OEBU-850x478-1-300x169.jpg 300w, https:\/\/www.billardunion.at\/wp-content\/uploads\/2024\/06\/9BallWM_Jeddah_Juni2024_MarioHe1_cTakaWu_MatchroomMultisport-OEBU-850x478-1-768x432.jpg 768w, https:\/\/www.billardunion.at\/wp-content\/uploads\/2024\/06\/9BallWM_Jeddah_Juni2024_MarioHe1_cTakaWu_MatchroomMultisport-OEBU-850x478-1-480x270.jpg 480w\" sizes=\"auto, (max-width: 850px) 100vw, 850px\" \/><\/figure>\n\n\n\n<p><strong>Geschichte und Entwicklung von Pool Billard<\/strong><\/p>\n\n\n\n<p><strong>Ursprung und Entwicklung<\/strong><br>Pool Billard hat eine reiche und vielf\u00e4ltige Geschichte, die bis ins 15. Jahrhundert zur\u00fcckreicht. Urspr\u00fcnglich in Frankreich entstanden, entwickelte sich das Spiel aus Rasenspielen wie Krocket. Um 1470 wurden diese Spiele nach innen verlagert und auf Tischen mit Banden gespielt, die den heutigen Billardtischen \u00e4hnelten. Der Begriff &#8222;Billard&#8220; leitet sich vermutlich vom franz\u00f6sischen Wort &#8222;bille&#8220; f\u00fcr Kugel ab.<\/p>\n\n\n\n<p><strong>Fr\u00fche Jahre und Verbreitung<\/strong><br>Im 17. und 18. Jahrhundert verbreitete sich Billard in Europa und wurde besonders in Frankreich und England popul\u00e4r. Zun\u00e4chst war Carambolage, ein Spiel ohne Taschen, die vorherrschende Variante. Mit der Kolonialisierung und den Handelsrouten gelangte Billard schlie\u00dflich nach Amerika, wo es sich zu einer der beliebtesten Freizeitbesch\u00e4ftigungen entwickelte.<\/p>\n\n\n\n<p><strong>Entstehung von Pool Billard<\/strong><br>Pool Billard, wie wir es heute kennen, entwickelte sich im 19. Jahrhundert in den Vereinigten Staaten. Die urspr\u00fcngliche Variante war &#8222;Straight Pool&#8220;, bei dem eine bestimmte Anzahl von B\u00e4llen in einer festen Reihenfolge eingelocht werden musste. Sp\u00e4ter kamen andere Varianten wie &#8222;8-Ball, 9-Ball und 10 Ball&#8220; hinzu, die heute zu den bekanntesten und meistgespielten Formen z\u00e4hlen.<\/p>\n\n\n\n<p><strong>Technologische Fortschritte<\/strong><br>Im Laufe der Jahre gab es zahlreiche technologische Fortschritte, die das Spiel ver\u00e4nderten. Die Einf\u00fchrung von Queues mit Lederkappen (um 1807) erm\u00f6glichte pr\u00e4zisere St\u00f6\u00dfe und ein Effet-Spiel. Billardtische wurden mit Schieferplatten ausgestattet, was eine gleichm\u00e4\u00dfigere Spielfl\u00e4che gew\u00e4hrleistete. Auch die Herstellung von B\u00e4llen aus Phenolharz statt Elfenbein (ab 1869) trug zur Weiterentwicklung des Spiels bei.<\/p>\n\n\n\n<p><strong>Professionalisierung und Turniere<\/strong><br>Mit der Professionalisierung des Sports im 20. Jahrhundert entstanden weltweit Turniere und Ligen. Die &#8222;World Pool-Billiard Association&#8220; (WPA) wurde 1987 in Deutschland gegr\u00fcndet und legt seitdem die offiziellen Regeln fest. Wichtige Turniere wie die Weltmeisterschaften im 8-Ball, 9-Ball und 10-Ball sowie der Mosconi Cup (vergleichbar mit dem Ryder Cup im Golf) ziehen j\u00e4hrlich Millionen von Zuschauern an die Spielorte und vor den TV.<\/p>\n\n\n\n<p><strong>Moderne Entwicklungen und Einfluss der Medien<\/strong><br>Seit den 1980er Jahren hat das Fernsehen das Spiel mit den Kugeln, als rasanten Sport entdeckt und hat einen gro\u00dfen Einfluss auf die Popularit\u00e4t von Pool Billard genommen. TV-\u00dcbertragungen von Turnieren und Spielfilmen wie &#8222;The Hustler&#8220; (1961) und &#8222;The Color of Money&#8220; (1986) haben das Interesse und die Bekanntheit des Sports erheblich gesteigert. Mit der Verbreitung des Internets und Online-Streaming-Diensten k\u00f6nnen Fans heute Turniere weltweit live verfolgen. Turniere mit LIVE Streaming nehmen stark an Bedeutung zu und geraten zusehends ins Radar der Werbewirtschaft.<\/p>\n\n\n\n<p><strong>Pool Billard heute<\/strong><br>Heutzutage wird Pool Billard sowohl professionell als auch als Freizeitsport weltweit gespielt. Es gibt eine Vielzahl von Spielvarianten, von denen 8-Ball und 9-Ball am weitesten verbreitet sind. Die Popularit\u00e4t des Sports w\u00e4chst weiter, unterst\u00fctzt durch internationale Turniere, eine starke Pr\u00e4senz in sozialen Medien und eine stetig wachsende Gemeinschaft von Spielern und Fans weltweit.<\/p>\n\n\n\n<p><strong>Fazit<\/strong><br>Von seinen bescheidenen Anf\u00e4ngen im Frankreich des 15. Jahrhunderts hat sich Pool Billard zu einem globalen Ph\u00e4nomen entwickelt. Technologische Fortschritte, Professionalisierung und der Einfluss der Medien haben dazu beigetragen, dass der Sport sich st\u00e4ndig weiterentwickelt und eine breite Anh\u00e4ngerschaft gefunden hat. Pool Billard bleibt ein faszinierendes Spiel, das Geschick, Strategie und Pr\u00e4zision erfordert und Menschen auf der ganzen Welt begeistert.<\/p>\n\n\n\n<p><strong>Quellen<\/strong><br>&#8211; Billard Encyclopedia: Eine umfassende \u00dcbersicht \u00fcber die Geschichte und Technik des Billards.<br>&#8211; World Pool-Billiard Association: Offizielle Regeln und Turnierinformationen.<br>&#8211; Verschiedene historische und aktuelle Berichte zur Entwicklung des Pool Billard.<\/p>\n\n\n\n<p>Weitere Informationen findet ihr auf der <a href=\"https:\/\/oepbv.at\/home.php\" target=\"_blank\" rel=\"noreferrer noopener\">Website des \u00d6sterreichischen Pool-Billard Verbands<\/a>.<\/p>\n\n\n\n<figure class=\"wp-block-image size-large\"><img loading=\"lazy\" decoding=\"async\" width=\"850\" height=\"479\" src=\"https:\/\/www.billardunion.at\/wp-content\/uploads\/2024\/06\/DSC00113.jpg\" alt=\"\" class=\"wp-image-562\" srcset=\"https:\/\/www.billardunion.at\/wp-content\/uploads\/2024\/06\/DSC00113.jpg 850w, https:\/\/www.billardunion.at\/wp-content\/uploads\/2024\/06\/DSC00113-300x169.jpg 300w, https:\/\/www.billardunion.at\/wp-content\/uploads\/2024\/06\/DSC00113-768x433.jpg 768w, https:\/\/www.billardunion.at\/wp-content\/uploads\/2024\/06\/DSC00113-479x270.jpg 479w\" sizes=\"auto, (max-width: 850px) 100vw, 850px\" \/><\/figure>\n\n\n\n<figure class=\"wp-block-gallery has-nested-images columns-default is-cropped wp-block-gallery-1 is-layout-flex wp-block-gallery-is-layout-flex\">\n<figure class=\"wp-block-image size-large\"><img loading=\"lazy\" decoding=\"async\" width=\"850\" height=\"479\" data-id=\"563\" src=\"https:\/\/www.billardunion.at\/wp-content\/uploads\/2024\/06\/DSC01819.jpg\" alt=\"\" class=\"wp-image-563\" srcset=\"https:\/\/www.billardunion.at\/wp-content\/uploads\/2024\/06\/DSC01819.jpg 850w, https:\/\/www.billardunion.at\/wp-content\/uploads\/2024\/06\/DSC01819-300x169.jpg 300w, https:\/\/www.billardunion.at\/wp-content\/uploads\/2024\/06\/DSC01819-768x433.jpg 768w, https:\/\/www.billardunion.at\/wp-content\/uploads\/2024\/06\/DSC01819-479x270.jpg 479w\" sizes=\"auto, (max-width: 850px) 100vw, 850px\" \/><\/figure>\n\n\n\n<figure class=\"wp-block-image size-large\"><img loading=\"lazy\" decoding=\"async\" width=\"850\" height=\"479\" data-id=\"564\" src=\"https:\/\/www.billardunion.at\/wp-content\/uploads\/2024\/06\/DSC06502.jpg\" alt=\"\" class=\"wp-image-564\" srcset=\"https:\/\/www.billardunion.at\/wp-content\/uploads\/2024\/06\/DSC06502.jpg 850w, https:\/\/www.billardunion.at\/wp-content\/uploads\/2024\/06\/DSC06502-300x169.jpg 300w, https:\/\/www.billardunion.at\/wp-content\/uploads\/2024\/06\/DSC06502-768x433.jpg 768w, https:\/\/www.billardunion.at\/wp-content\/uploads\/2024\/06\/DSC06502-479x270.jpg 479w\" sizes=\"auto, (max-width: 850px) 100vw, 850px\" \/><\/figure>\n\n\n\n<figure class=\"wp-block-image size-large\"><img loading=\"lazy\" decoding=\"async\" width=\"850\" height=\"479\" data-id=\"565\" src=\"https:\/\/www.billardunion.at\/wp-content\/uploads\/2024\/06\/DSC06509.jpg\" alt=\"\" class=\"wp-image-565\" srcset=\"https:\/\/www.billardunion.at\/wp-content\/uploads\/2024\/06\/DSC06509.jpg 850w, https:\/\/www.billardunion.at\/wp-content\/uploads\/2024\/06\/DSC06509-300x169.jpg 300w, https:\/\/www.billardunion.at\/wp-content\/uploads\/2024\/06\/DSC06509-768x433.jpg 768w, https:\/\/www.billardunion.at\/wp-content\/uploads\/2024\/06\/DSC06509-479x270.jpg 479w\" sizes=\"auto, (max-width: 850px) 100vw, 850px\" \/><\/figure>\n\n\n\n<figure class=\"wp-block-image size-large\"><img loading=\"lazy\" decoding=\"async\" width=\"850\" height=\"479\" data-id=\"566\" src=\"https:\/\/www.billardunion.at\/wp-content\/uploads\/2024\/06\/DSC07952.jpg\" alt=\"\" class=\"wp-image-566\" srcset=\"https:\/\/www.billardunion.at\/wp-content\/uploads\/2024\/06\/DSC07952.jpg 850w, https:\/\/www.billardunion.at\/wp-content\/uploads\/2024\/06\/DSC07952-300x169.jpg 300w, https:\/\/www.billardunion.at\/wp-content\/uploads\/2024\/06\/DSC07952-768x433.jpg 768w, https:\/\/www.billardunion.at\/wp-content\/uploads\/2024\/06\/DSC07952-479x270.jpg 479w\" sizes=\"auto, (max-width: 850px) 100vw, 850px\" \/><\/figure>\n\n\n\n<figure class=\"wp-block-image size-large\"><img loading=\"lazy\" decoding=\"async\" width=\"850\" height=\"479\" data-id=\"567\" src=\"https:\/\/www.billardunion.at\/wp-content\/uploads\/2024\/06\/DSC07985.jpg\" alt=\"\" class=\"wp-image-567\" srcset=\"https:\/\/www.billardunion.at\/wp-content\/uploads\/2024\/06\/DSC07985.jpg 850w, https:\/\/www.billardunion.at\/wp-content\/uploads\/2024\/06\/DSC07985-300x169.jpg 300w, https:\/\/www.billardunion.at\/wp-content\/uploads\/2024\/06\/DSC07985-768x433.jpg 768w, https:\/\/www.billardunion.at\/wp-content\/uploads\/2024\/06\/DSC07985-479x270.jpg 479w\" sizes=\"auto, (max-width: 850px) 100vw, 850px\" \/><\/figure>\n<\/figure>\n","protected":false},"excerpt":{"rendered":"<p>Geschichte und Entwicklung von Pool Billard Ursprung und EntwicklungPool Billard hat eine reiche und vielf\u00e4ltige Geschichte, die bis ins 15&#8230;.<\/p>\n<p class=\"read-more\"><a class=\"btn btn-default\" href=\"https:\/\/www.billardunion.at\/?page_id=26\"> Read More<span class=\"screen-reader-text\">  Read More<\/span><\/a><\/p>\n","protected":false},"author":1,"featured_media":0,"parent":0,"menu_order":0,"comment_status":"closed","ping_status":"closed","template":"","meta":{"footnotes":""},"class_list":["post-26","page","type-page","status-publish","hentry"],"_links":{"self":[{"href":"https:\/\/www.billardunion.at\/index.php?rest_route=\/wp\/v2\/pages\/26","targetHints":{"allow":["GET"]}}],"collection":[{"href":"https:\/\/www.billardunion.at\/index.php?rest_route=\/wp\/v2\/pages"}],"about":[{"href":"https:\/\/www.billardunion.at\/index.php?rest_route=\/wp\/v2\/types\/page"}],"author":[{"embeddable":true,"href":"https:\/\/www.billardunion.at\/index.php?rest_route=\/wp\/v2\/users\/1"}],"replies":[{"embeddable":true,"href":"https:\/\/www.billardunion.at\/index.php?rest_route=%2Fwp%2Fv2%2Fcomments&post=26"}],"version-history":[{"count":8,"href":"https:\/\/www.billardunion.at\/index.php?rest_route=\/wp\/v2\/pages\/26\/revisions"}],"predecessor-version":[{"id":591,"href":"https:\/\/www.billardunion.at\/index.php?rest_route=\/wp\/v2\/pages\/26\/revisions\/591"}],"wp:attachment":[{"href":"https:\/\/www.billardunion.at\/index.php?rest_route=%2Fwp%2Fv2%2Fmedia&parent=26"}],"curies":[{"name":"wp","href":"https:\/\/api.w.org\/{rel}","templated":true}]}}